the highest common divisor of t and r.
1
Let o be 4/14 + (-3408)/(-28). Let s be 2/7 + o/14. Let y(d) = d**2 + 8*d - 10. Let g be y(s). What is the highest common divisor of g and 13?
13
Let b = 41 + -5. Let n(v) = v**2 + v + 24. Let i be n(0). What is the highest common factor of b and i?
12
Let f be 44/(-7) + 10/35. Let z = f - -8. Let w = 12 - z. What is the greatest common divisor of 2 and w?
2
Let m = 241 - 185. What is the highest common divisor of 21 and m?
7
Let m = 4 - 1. Let r be (-66)/(-8) - m/12. Let c be r*(1 + 1/4). Calculate the greatest common divisor of c and 30.
10
Let t be 7/3 + 1/(-3). What is the highest common divisor of 2 and t?
2
Let g be 4/(1 + 3) + 27. Calculate the highest common divisor of g and 224.
28
Let s(q) = -q**2 + 11*q - 9. Let n be s(8). Calculate the highest common factor of n and 10.
5
Suppose -i - 4 = 2. Let l(s) = -s - 4. Let m be l(i). What is the highest common divisor of 18 and m?
2
Let q be ((-231)/6)/((-1)/2). Let c(j) = 2*j + 3. Let a be c(4). What is the highest common factor of a and q?
11
Let l(s) = s**2 - s + 162. Let f be l(0). Suppose u - 10 = 2*j, 4*u = -j - 6 + 82. Calculate the highest common divisor of f and u.
18
Let z = 11 + -10. Calculate the highest common factor of 4 and z.
1
Let d be 5/(-2)*(-15 - -1). Let u be (-17)/(-34) - (-22)/(-4). Let j = u + d. Calculate the greatest common factor of j and 5.
5
Let p = 38 + -8. Let c(u) = -12*u**3 - 3*u**2 + 2*u**3 + 11*u**3 + 2*u. Let z be c(3). What is the highest common factor of z and p?
6
Let d be (-2)/(3/(1*-30)). Let l be 2 + (2 - 2 - -2). What is the highest common factor of d and l?
4
Let t(d) be the second derivative of -d**3/6 - 2*d**2 + d. Let h be t(-6). Let k(l) = l**2. Let b be k(1). What is the greatest common divisor of b and h?
1
Suppose 3 = -3*i + 9. Suppose -i*z - 2*z - 24 = 0. Let m = z + 16. What is the greatest common divisor of 40 and m?
10
Let d(t) = 26*t - 17. Let x be d(7). Calculate the highest common factor of 15 and x.
15
Let c = 141 - 85. Let z(s) = -s**3 - 11*s**2 + 8. Let i be z(-11). Calculate the greatest common factor of i and c.
8
Let x(t) = 9 + t**3 + 4*t + 3*t - 9*t**2 + 1 - 1. Let j be x(8). Calculate the greatest common factor of 3 and j.
1
Let m(i) = -i + 5. Let s be m(5). Suppose s*z - 101 = -z + 3*c, -z + 100 = -4*c. What is the greatest common divisor of 13 and z?
13
Let w(t) = -t**3 - 2*t**2 + 7*t - 3. Let a be w(-6). Let u = -13 + 24. Calculate the highest common factor of a and u.
11
Let o = -1 - -5. Let g be (16/5)/2*(-75)/(-6). What is the greatest common divisor of o and g?
4
Suppose i - 278 = -5*g, g = 2*i + 2 + 58. Calculate the greatest common factor of 16 and g.
8
Let u = -96 - -109. Let c(k) = k**3 - k**2 - 7*k + 6. Let z be c(4). What is the greatest common factor of u and z?
13
Let v(o) be the first derivative of -o**3/3 - 3*o**2 + 3*o - 4. Let c be v(-6). Let h be ((-9)/3)/(2/(-6)). What is the highest common factor of c and h?
3
Let k = 28 - 20. Let f = 13 - 10. Suppose 4*y - 2*y + 214 = f*r, 4*y - 148 = -2*r. Calculate the highest common factor of r and k.
8
Let q be 3/(-12) - (-225)/36. Calculate the greatest common divisor of 48 and q.
6
Let u = 5 + -5. Let a = 3 - u. Let q be (-34 - -1)/((-1)/1). Calculate the highest common factor of a and q.
3
Suppose -4*u + 56 = 4. Let l = u - 8. What is the highest common divisor of 15 and l?
5
Let f(k) = k**2 + 9*k. Let x be f(-8). Let a be -1*(x + (-6 - -3)). What is the greatest common factor of a and 1?
1
Suppose 3*g - 160 = g. Suppose 2*b = 3*l - 1, 11 = 3*l + 2*l - b. Suppose -131 = -4*y - l. Calculate the greatest common factor of g and y.
16
Let t be ((-6)/1)/(4/(-6)). Let d be (-14)/(-7) + 26*1. Suppose 2*o - d = -2*q, -5*o + 5*q = 6*q - 50. What is the highest common divisor of o and t?
9
Let l(h) = -1 + h - 3*h + h**2 - 2*h - 1. Let o be l(6). Suppose -3*z + 5 = 5*s, -20 = -3*z - 2*s - 0. What is the highest common factor of z and o?
10
Let k be (9/(-2))/(10/(-100)). Calculate the greatest common divisor of 15 and k.
15
Suppose 108 = 2*r - 0*r + 4*f, 34 = r - 3*f. Let n(a) = 6*a - 75. Let o be n(24). Calculate the highest common divisor of o and r.
23
Suppose -f + 3*f - 12 = 0. Let n be (-3)/(f/2) - -5. Let s be (-1)/n - (-1446)/24. What is the greatest common factor of 12 and s?
12
Let a = -15 + 25. Calculate the highest common divisor of 100 and a.
10
Suppose 3*a = -34 - 44. Let b = a + 40. What is the greatest common divisor of 98 and b?
14
Let x be ((-63)/(-5))/((-6)/(-20)). Calculate the greatest common factor of 42 and x.
42
Suppose 2*y + 76 = 4*z, 2 = 5*z - 3. Let v be 2522/18 + 4/y. What is the greatest common factor of v and 20?
20
Let h(i) = -3*i**3 + 2*i**2 + i - 4. Let w be h(-4). Suppose -5*k + 10 = 0, 6*b = 2*b + 4*k + w. What is the greatest common divisor of b and 8?
8
Suppose -4*c = -6*c + 270. Let l(o) = -o**2 - o + 3. Let f be l(-5). Let k be 0 - f - (-4)/(-2). What is the greatest common divisor of k and c?
15
Suppose 46 = -2*h - a + 185, a = 5*h - 337. Calculate the highest common factor of h and 476.
68
Let r(f) = -f**2 + 10*f - 6. Let c be r(12). Let n = c - -111. What is the greatest common factor of n and 9?
9
Let n(l) = 2*l**2 - 6*l + 7. Let f be n(5). Let r be 141/f + (-6)/27. Calculate the greatest common factor of r and 55.
5
Suppose -4*z = u - 322, -3*u - 244 = -3*z - 5*u. What is the highest common divisor of 20 and z?
20
Let d(n) = 11*n - 3*n**2 - 6 - 6*n + 4*n**2. Let a be d(-5). Let o be -45*(-3 + (-16)/a). Calculate the greatest common factor of o and 30.
15
Suppose 0 = 5*a + z - 54 - 43, 0 = -3*a - 3*z + 63. Let s = -9 + a. What is the highest common divisor of s and 5?
5
Suppose -5*l = 4*o - 97, 2*l - 22 = -0*o - o. Suppose -o = -k - 0*k. What is the highest common divisor of 7 and k?
7
Let s = -21 - -9. Let r = -3 - s. Let w be (-2)/3 - (-33)/r. What is the greatest common divisor of w and 6?
3
Suppose 6*h - 72 = 4*h. What is the highest common divisor of 90 and h?
18
Let m(g) = 4*g - 6. Let o be m(4). Let x = o + -5. Calculate the greatest common factor of 35 and x.
5
Let l(x) = -10*x - 21. Let w be l(-4). What is the highest common factor of w and 190?
19
Let u(d) = 6*d**2 - 2*d + 12. Let n be u(-6). What is the greatest common factor of 96 and n?
48
Suppose 2*k - 24 = -5*t, 48 = 5*k - t - 66. What is the greatest common divisor of k and 11?
11
Suppose -6 = k + 14. Let b = k + 34. What is the highest common divisor of b and 14?
14
Let r be (-2)/(0 + (-2)/16). Let a = 24 - -152. Calculate the highest common factor of r and a.
16
Suppose -3*h + h = -440. What is the highest common divisor of 20 and h?
20
Suppose 4*k - b = 44, 5*b + 48 = 4*k + 3*b. Calculate the highest common divisor of 15 and k.
5
Let w = 18 + 2. Calculate the highest common divisor of w and 60.
20
Suppose 6 = q + z, -3*z + 2*z = -2*q. Suppose -q*v + 68 = -2*w, 0*v - 5*w - 26 = -v. What is the highest common factor of v and 12?
12
Suppose 0 = 3*g + 2*d - 420 + 82, 0 = 5*g - 3*d - 557. Let k = 172 - g. What is the highest common factor of 10 and k?
10
Let d = 4 - 4. Suppose 3*f + f - 60 = d. Calculate the greatest common factor of f and 45.
15
Let r(c) = -14*c - 2. Let o be r(-3). Suppose -o + 8 = -k. Suppose 3*b + y = -0*y + 14, 2*y - 20 = -4*b. What is the greatest common factor of b and k?
4
Let k = -7 + 13. Let f be ((-40)/(-6))/(2/k). Let m = 5 - 1. What is the greatest common factor of f and m?
4
Let k(f) = f**2 - 4*f - 3. Let y be k(5). Let h = y - 2. Suppose h = -3*l + 101 + 4. What is the highest common factor of l and 14?
7
Let z = -51 + 77. Suppose z = -3*f + 2*n, f + 2*n = 6*n - 22. Let i be (-84)/(-10) - f/(-15). What is the greatest common divisor of i and 8?
8
Suppose 5*y = 26 + 29. Calculate the greatest common factor of y and 88.
11
Suppose 3 = 5*n - 7. Suppose 13 - 3 = n*d, -206 = -3*i + 5*d. What is the highest common factor of 11 and i?
11
Let g be -12*((-10)/(-6))/(-5). What is the highest common divisor of g and 1?
1
Suppose 0 = 3*v - 19 + 1. Let x be (-1)/(-2) - (-357)/v. What is the greatest common factor of x and 20?
20
Let q be (2 - 1*92)/(-1). Let a(b) = b**3 - 4*b**2 + 3*b - 6. Let w be a(5). Let d = 70 - w. What is the greatest common divisor of q and d?
18
Suppose -2*j + 5*k - 3*k = -14, -j -